 0 = v - 13 - 41. Let h = -5 - -4. Let n be (-1 - 0)/h - -26. What is the highest common divisor of v and n?
27
Let d(i) = -i**3 - 5*i**2 + 10*i + 7. Let x be d(-7). Suppose 3*y = x + 1. Let f be 8/y*315/6. What is the highest common factor of 5 and f?
5
Suppose 2*y + 70 = 5*u - 0*y, 0 = -4*y. Suppose 16 = u*t - 10*t. Calculate the highest common divisor of t and 64.
4
Let r = -125 - -229. Let h = r - 48. What is the greatest common divisor of h and 7?
7
Let y = -13 - 35. Let s = y - -62. Calculate the greatest common divisor of s and 98.
14
Let k(d) = -d**3 - 2*d**2 - 3*d. Let f be k(-3). Let i be ((-72)/16)/((-2)/8). What is the highest common divisor of f and i?
18
Let a = 2344 - 2326. Calculate the highest common divisor of a and 441.
9
Suppose -v - 3 = -l, 5*v + 3*l = 13 - 4. Suppose 3*b + v*b - 15 = 0. Suppose -1 = -b*x + 24. Calculate the highest common divisor of 45 and x.
5
Suppose -3*p = -2*m + 2*p - 11, -2*p + 2 = 0. Let j be (-301)/m + 5 + (-64)/12. Calculate the greatest common factor of 40 and j.
20
Suppose 24*x - 2106 = -15*x. Calculate the greatest common divisor of 243 and x.
27
Suppose 4*k - 3*k = 299. Calculate the highest common factor of 46 and k.
23
Let z(t) = t**3 + 8*t**2 + 10*t - 10. Let h be z(-5). Calculate the highest common factor of h and 195.
15
Suppose 0 = -0*v - v + 1. Let y(p) = -2*p + 11. Let n be y(-9). Suppose 7 - n = -2*t. Calculate the highest common divisor of v and t.
1
Let b = -26 - -30. Let s be (1 + b/(-6))/((-71)/(-213)). What is the highest common divisor of s and 1?
1
Let x(w) = 4*w + 51. Let c(u) = 2*u + 25. Let v(o) = -7*c(o) + 3*x(o). Let r be v(-15). Calculate the greatest common factor of r and 4.
4
Let u(q) = -192*q**3 - 5*q**2 + 3. Let y be u(-2). Calculate the highest common factor of y and 62.
31
Let k(u) = 10*u**2 - 3*u. Let q be k(2). Let w = -24 + -13. Let t = 88 + w. What is the highest common factor of t and q?
17
Let f be (-12*1/(-1))/1. What is the highest common factor of f and 444?
12
Suppose 0 = -4*u - 12, 5*p - 2*u - 12 = 2*u. Suppose z + p = 3. What is the greatest common divisor of 3 and z?
3
Let t(p) = p**3 - 9*p + 20. Let z be t(6). Calculate the greatest common factor of z and 28.
14
Let g(m) = 2*m**3 - 4*m**2 + m + 4. Let y be g(2). Let l = y - 2. Suppose -3*j = -l*j + 14. What is the greatest common divisor of j and 14?
14
Let o = -85 - -141. Let k = 18 - 11. What is the highest common factor of k and o?
7
Suppose 0 = 3*c - 2*d - 0*d + 8, 2*c - d = -6. Let x be 10 + c*3/(-12). Let w = x + 25. Calculate the highest common factor of 9 and w.
9
Let p(i) = -3*i**2 + 16*i + 31. Let k be p(5). Calculate the highest common factor of k and 276.
12
Suppose -3*q = -g + 115, -4*g + 3*g = -4*q - 116. What is the highest common divisor of 16 and g?
16
Let q = 489 + 1045. What is the highest common divisor of q and 26?
26
Suppose 0 = -0*d - 2*d - 3*f + 23, -3*f + 15 = 0. Let t be (9 + -3)*(d - (-2 + 2)). Calculate the highest common divisor of t and 60.
12
Suppose -9 = 4*f - 13. Let q be ((-8)/(-12))/(f/51). Calculate the greatest common factor of 68 and q.
34
Let b(t) = -t**3 - t**2 + 6*t + 10. Let s be b(-2). Suppose -s*m + 121 = -m. Calculate the highest common factor of 22 and m.
11
Suppose 4*t - 9 = 183. What is the highest common factor of t and 168?
24
Suppose 40 + 68 = 3*h. What is the highest common factor of h and 360?
36
Let i = 319 - 150. Suppose 146 = 5*z - i. Let b = z - 18. Calculate the highest common factor of 30 and b.
15
Let t = 8 + -20. Let x be ((-45)/t)/(1/4). Let h be (-894)/(-15) - -2*10/50. Calculate the highest common divisor of x and h.
15
Let x be 144/(-6)*6/(-9). Suppose 1 = -4*u + 9. Let f(a) = 39*a + 2. Let k be f(u). Calculate the highest common divisor of x and k.
16
Let o be 455*(2/5 + 0). Let m be (0 - 0/1) + 17 + -7. Suppose 2*w = 42 + m. Calculate the greatest common divisor of w and o.
26
Let t be (-1749)/(-44) + 3 + (-33)/12. Calculate the greatest common divisor of 4 and t.
4
Let y = -143 + 171. What is the highest common factor of 476 and y?
28
Let b = 7 + 4. Suppose -5 = -21*x + 16*x. Calculate the highest common divisor of b and x.
1
Let c be (0 - (-3 + -1)) + -1. Suppose c*g = -g + 88. What is the highest common divisor of 154 and g?
22
Let y be (3 - (-21)/(-9))*15. Let m = -418 + 443. Calculate the highest common factor of m and y.
5
Let f = 2636 - 1244. Calculate the greatest common factor of 48 and f.
48
Let j = 504 - 324. What is the greatest common divisor of 36 and j?
36
Let g = 20 + -12. Suppose -2*u + 574 = -x, -g = -2*x - 2*x. Calculate the highest common divisor of 32 and u.
32
Suppose -117 = 3*r - 603. Calculate the highest common divisor of r and 72.
18
Let h = 736 - 692. Let u = -1 + 9. Calculate the highest common factor of u and h.
4
Suppose p - 391 = 3*k, -8*p + 1901 = -3*p + 3*k. Suppose -p = -5*y - 82. Calculate the greatest common divisor of y and 40.
20
Let n = 18 - -72. Calculate the greatest common factor of n and 198.
18
Let t = 2371 - 2209. What is the highest common factor of t and 1026?
54
Let w(b) = -34*b - 259. Let y be w(-8). What is the highest common divisor of 2483 and y?
13
Let p(b) = 2*b + 5. Let o(i) = i + 5. Let a(y) = 3*o(y) - 4*p(y). Let t be a(-7). Let z be (-560)/(-12)*36/8. What is the highest common factor of z and t?
30
Suppose 3*h + 2 - 11 = 0. Suppose 5*b = 4*b + h. Suppose -5*m + 24 = -3*v, -5*v + 1 = -m - b. What is the greatest common divisor of m and 12?
6
Let n be (-32)/(-12)*(-147)/(-28). Suppose 16*g = 9*g + n. What is the highest common factor of 34 and g?
2
Let n(m) = -212*m + 5. Let r be n(-2). What is the highest common divisor of r and 39?
39
Let w be 7/(-252)*-1996 + 16/(-36). Calculate the highest common factor of w and 473.
11
Suppose 5*a + 22 = -4*x, x + 2*x = -9. Let f be 12 + a*1/2. What is the greatest common factor of f and 11?
11
Let f = 62 + -95. Let u be 6/f - 414/(-99). What is the greatest common factor of 2 and u?
2
Suppose -4*f + 11 + 5 = 4*b, -4*f = -5*b + 20. What is the highest common divisor of b and 11?
1
Let h be 3/9 + 88/6. Suppose -62*i + 222 = -25*i. What is the greatest common factor of h and i?
3
Let l = -132 + 2. Let d = 145 + l. Calculate the highest common divisor of d and 60.
15
Let m be (3/((-18)/(-4)))/((-1)/(-15)). Let b be (-3)/18*m*(5 - 20). What is the highest common divisor of 250 and b?
25
Let c = -6 + 4. Let t be c/(-7) + 370/(-70). Let y(a) = -a**3 - 4*a**2 + 2*a. Let k be y(t). What is the highest common factor of k and 60?
15
Let i(t) = -t**3 + 9*t**2 + 6*t + 4. Let v be i(7). What is the greatest common divisor of 48 and v?
48
Suppose 0 = -3*d + 6, -3*m + 0*d = 4*d - 152. Calculate the greatest common factor of 4 and m.
4
Suppose -4*c + 624 = 5*t, 3*c - 4*t = -t + 468. What is the highest common divisor of 12 and c?
12
Suppose -4*j + 2*z + z + 22 = 0, 0 = 3*j + z - 10. Suppose t + 12 = -j*u, -2*t + u = -5*t + 8. What is the highest common divisor of 4 and t?
4
Suppose 2*f - 5*f + 66 = 0. Let b(w) = w**2 - 6*w - 7. Let v be b(-4). What is the greatest common divisor of f and v?
11
Suppose 5*m = -2*s + 39, 3*m + 2*s + 0 - 21 = 0. Let u = 29 - 35. Let c be u/(-12)*-2 - 1*-4. Calculate the highest common divisor of c and m.
3
Let c = 169 - 167. Calculate the highest common factor of 11 and c.
1
Let u(g) = g**2 - 9*g - 48. Let w be u(18). Let f be (4/6)/((-2)/234). Let d = f + w. What is the highest common factor of d and 12?
12
Suppose -25*f - 104 = -26*f. What is the highest common factor of f and 91?
13
Let j be (5 - 2)*2/3. Suppose q - 4*y = -y + 11, -2*y - 10 = -2*q. What is the highest common divisor of j and q?
2
Suppose 2*b - 12*b = -650. Calculate the greatest common divisor of 25 and b.
5
Let l be -9*(-2 - -6)*33/(-4). What is the highest common divisor of 54 and l?
27
Suppose 0 = -4*i + 3*l + 8 + 105, -5*l + 63 = 2*i. Let u = 228 - 112. Calculate the highest common divisor of u and i.
29
Let y(w) = 17*w + 14. Let q be y(-2). Let f be -1*(3 + q + 4). Calculate the greatest common divisor of 52 and f.
13
Let n be ((-675)/6)/((-20)/40). Calculate the highest common factor of 90 and n.
45
Let o(r) = 33*r**2 + 102*r + 416. Let v be o(-4). What is the highest common divisor of 201 and v?
67
Let h(g) = 90*g - 2779. Let z be h(31). Let s(m)